y = d + 291, -4*d + 4*y - 2*y - k = 0. Is 3 - (d - -2)*8 composite?
True
Let v be (3/(-3) - 34)*1. Let x = v + 37. Is (-1 - (-1085)/x) + (-2)/4 prime?
True
Let k(y) = -y**3 - 3*y**2 + 4*y - 2. Let u be k(2). Let w be (-36)/u + (-39)/(-91). Let g = w + 10. Is g a prime number?
True
Let h(j) = j**3 + j + 1. Let o(k) = 4*k**3 + 26*k**2 + 22*k - 21. Let b(s) = -3*h(s) + o(s). Let w be 7/(-21)*6*15 + 7. Is b(w) a prime number?
False
Let m = 865 + -1222. Let g = 2564 - m. Is g a prime number?
False
Let d = -421 - -424. Is (10/d - 2)*14622/8 a composite number?
False
Suppose 428*z + 20 = 423*z. Is (-32699)/(-57)*1*(-1 - z) composite?
False
Suppose -2*y + 2*t = 3*y - 20, -y - 23 = 5*t. Suppose 5*f - 12 = -4*b, -3*f + 9 = 5*b - y*b. Suppose f*s + 232 = 4*s. Is s a composite number?
True
Suppose -2873*p - 4*c + 172333 = -2870*p, -114897 = -2*p - c. Is p a composite number?
True
Let n(k) = -5305*k - 131. Is n(-4) prime?
True
Let l(n) = 780*n - 107. Is l(41) composite?
False
Let f(q) = 43*q**2 - 6*q + 1. Let h be f(-6). Let z = -5897 + 5899. Suppose -z*i = 5*o - 2788, 3*i - 3*o - 2618 = h. Is i prime?
True
Let s = -774475 + 1236152. Is s a composite number?
False
Let m be (3 - (-352)/(-121)) + (-508)/22. Let x(g) = -365*g + 352. Is x(m) prime?
True
Suppose 83*m + 52758454 = 289*m. Is m a composite number?
True
Let a = 310 - 307. Suppose -a*r = -5625 - 15492. Is r composite?
False
Let v be -6 + -1775*(-7 + 6)*1. Let s be (-3)/(-12) - (-2295)/4. Let f = v - s. Is f a composite number?
True
Let j = 238866 - 100159. Is j prime?
False
Suppose -6*l - 12 = -8*l. Let p(o) = 19*o**2 - 2*o + 3. Let s be p(l). Suppose 2*d - 595 = s. Is d composite?
True
Let q(w) be the first derivative of 9*w**4/4 + 5*w**3/3 - 5*w**2 - 5*w - 13. Let r be q(5). Suppose 0 = 3*m - 9628 + r. Is m a prime number?
False
Let w(k) = 2*k + 7. Let i be 3 + (13/26 - (-26)/(-4)). Let h be w(i). Is (h - 3)*(-1)/2*4909 a prime number?
True
Let b = -484085 - -861733. Suppose b + 247095 = 31*d. Is d prime?
False
Is (-15 - (-999)/(-108))*-4076 prime?
False
Let h(p) be the first derivative of p**6/40 - p**5/20 - 7*p**4/24 - p**3/3 - 5*p**2 - 6. Let d(g) be the second derivative of h(g). Is d(5) a prime number?
True
Is (-2)/((-18)/339711) + (-820)/(-615) a prime number?
True
Let y(q) = 7*q - 26. Let x be y(6). Let v(t) = 5*t**2 + 26*t - 51. Let z be v(x). Let w = z + -894. Is w composite?
False
Suppose 3*a + 4*p - p = 30, 2*p + 4 = 0. Is 6/4*a/(-9) + 4959 a prime number?
True
Let q(t) = -187*t + 8. Let p = -42 + 38. Let w be -9 + -5*p/5. Is q(w) prime?
False
Suppose 4*o - 8*o - 5*f - 3292 = 0, o - 3*f = -840. Suppose 0 = -s + 2*s - 3*p - 43, -51 = -s - p. Let r = s - o. Is r a composite number?
False
Suppose a = -4*z - 309, 2*a - 5*z + 1570 = -3*a. Let i = a + 181. Let n = -75 - i. Is n a prime number?
False
Suppose -312*f - 5*l + 563855 = -307*f, 2*f - 225530 = 4*l. Is f a prime number?
False
Let m(h) = -6355*h - 2946. Is m(-19) composite?
True
Let d = -6 + 8. Suppose 1928 = -r + d*r. Suppose 6*y - 7390 = r. Is y a prime number?
True
Is 2*(56406690/150)/((-6)/(-5)) a composite number?
False
Let h(d) = -261*d**3 + 7*d**2 - 40*d - 5. Is h(-8) prime?
False
Suppose -5720648 = 37*u - 157*u + 2036512. Is u a composite number?
True
Let v = 78999 - 48784. Is v prime?
False
Let r = -26 - -26. Suppose 4 = -w, 2*j + 2 = -r*w - 2*w. Suppose 4*k = 4*m + 1716, j*m + 0*m = -4*k + 1730. Is k composite?
False
Let d be ((-16)/(-16))/((-3)/18). Is (d/9)/((-2)/(-23799))*-3 prime?
False
Let h(d) = -8*d**3 + 5*d**2 + 4*d - 17. Let p be h(7). Is ((-87)/(-58))/((-6)/p) a composite number?
True
Let o be -616 + -4 + 0 - 0. Let u = 2060 + o. Suppose -4*n + 3*h = -1153, 7*n - u = 2*n + 5*h. Is n a prime number?
False
Let b be (-2)/10 - (1 - (-2223)/(-15)). Let n = b + -142. Suppose -n*q + z + 1076 = -412, -1484 = -5*q + 3*z. Is q composite?
True
Suppose 4*n + 4*i = 3*n - 136, -384 = 3*n + 4*i. Let w be n*15*1/6. Let y = w + 665. Is y composite?
True
Let j(l) = l**3 - 5*l**2 + l - 7. Let g be 116/20 - (-24)/(-30). Let t be j(g). Is (t - 16/(-6))*(-2478)/(-4) composite?
True
Let j = 16514 - -219. Suppose h + 1157 = 3*r + 4498, -5*h = -r - j. Suppose 6*d = 1321 + h. Is d a prime number?
False
Let v(g) = -g**3 + g**2 + g. Let p be v(3). Suppose -14*f - 20*f = -340. Is f/p - 89*219/(-9) a prime number?
False
Let y = 3514 + 122343. Is y a prime number?
False
Let v = -397 + 378. Let a(k) = 2*k**2 - 33*k + 12. Is a(v) prime?
True
Suppose -37*d = -39*d - g + 189424, 0 = -d + 2*g + 94697. Is d a prime number?
True
Let l(j) be the third derivative of -37*j**6/60 + j**5/60 + j**4/24 - j**3/6 - 87*j**2. Is l(-2) prime?
True
Let n(s) = -2*s**2 - 11*s - 7. Let r be n(-4). Suppose -3*d + 361 + 232 = -p, -2*d - 2931 = r*p. Is -4 - (-1 - 2/(-1)*p) prime?
True
Suppose -17*n + 20*n - 141563 = 4*u, -25 = 5*u. Is n prime?
False
Suppose -367*m = -365*m - 8. Suppose k + 177564 = m*c, -24552 = -c + 5*k + 19839. Is c a prime number?
False
Let j = 732 - 737. Is (12/36*j)/(1/(-5223)) prime?
False
Let z(q) = 713302*q**2 - 317*q + 316. Is z(1) a prime number?
False
Let i(n) = 12 - n**2 + 12 + 15*n + 15. Let b be i(17). Suppose -l + p + 6350 = 0, 3*l + b*p = -0*p + 19042. Is l a composite number?
True
Let a be (-7 - -5)*(-2 - 13/(-2)). Let s(x) = -11*x**3 - 7*x**2 - 31*x - 16. Let v be s(a). Suppose -4*u = u - v. Is u a prime number?
True
Suppose 8*q - 36 = 6*q. Suppose -31*h + 7969 = -q*h. Is h a prime number?
True
Suppose -24*q - 34960 = -34*q. Let d = q + -1097. Is d composite?
False
Let v(t) = t**3 + 96*t**2 - 181*t + 91. Is v(-94) composite?
True
Suppose i - n = 7, -3*i + 3*n + 35 = 2*i. Let a = 2884 - -1878. Suppose 5*y = -15, i*k - 2*k - a = -y. Is k composite?
False
Let x be 7*((-570)/(-7))/(-5). Let s be -16*(2/(-5))/((-20)/(-725)). Let p = x + s. Is p composite?
True
Let u be 170/51*(-6)/(-5). Suppose -u*n = -n - 1275. Suppose -3*d - p + n = -3*p, 5*p = -4*d + 582. Is d prime?
False
Let n(d) = 46*d**2 + 8*d - 23. Let h be 3/(-6) + (-45)/6. Let x be n(h). Suppose 1023 - x = -2*u. Is u prime?
False
Let d be (2/(-6))/(6/(-54)) - 807. Let f = d + 1385. Is f prime?
False
Suppose -6*v = -1521 - 14445. Suppose c - v = -2*c. Is c prime?
True
Suppose 6*u + 14 = 5*u. Let k(p) = p**2 + 10*p - 28. Let j be k(u). Is (7882/j)/((-2)/(-4)) prime?
True
Suppose 9 + 15 = -2*p - 4*m, p = m + 3. Let w(j) = -392*j**3 + 2*j**2 + 7. Is w(p) a composite number?
True
Suppose 372*p - 573356 = 344*p. Is p a prime number?
True
Let q(w) = 289*w**2 + w - 41. Suppose -236*u - 30 = -231*u. Is q(u) a prime number?
True
Suppose -3*t + 9 = 8*r - 7*r, t = -4*r + 14. Is r/(3/1259*(5 + -4)) prime?
True
Let w be ((-2308)/(-50))/2 - 4/50. Suppose -w*u + 214773 + 239270 = 0. Is u a composite number?
True
Let g = -24676 - -52061. Is g prime?
False
Suppose 4*z + 5*y - 1209764 = 0, -1209756 = -4*z - 18*y + 14*y. Is z prime?
False
Let g be 109/(-9) + 3/27. Let j = g + 23. Let q(k) = -k**3 + 16*k**2 - 21*k + 17. Is q(j) a composite number?
True
Let j = -15 + 23. Suppose 0 = -2*p + j, 4*u - 31609 - 5903 = -5*p. Suppose 7*h = 20*h - u. Is h composite?
True
Suppose 5*u - 4*u + 4*g = 4997, -5*g = 15. Let c = u + -2431. Is c prime?
False
Let s = -8 - 4. Let f be (-3)/(s/(-116)) + -3. Let m = f - -38. Is m a prime number?
False
Let t = 360 + 1948. Suppose t = 4*i - 2296. Is i a composite number?
False
Suppose -111*z - 3 = -112*z. Suppose 6*p = 5*p + 1, -2*k + 11555 = -z*p. Is k a composite number?
False
Let x(j) be the second derivative of 163*j**2 + 0 + 16*j + 1/2*j**3. Is x(0) composite?
True
Let p = 17095 + 31308. Is p a prime number?
False
Suppose d - 4*k - 654935 = 0, 3*d - 14*k - 1964839 = -19*k. Is d composite?
False
Let t(s) = 2985*s + 20. Let j(q) = -5969*q - 39. Let h(k) = -6*j(k) - 11*t(k). Is h(3) a prime number?
True
Suppose 87*a + 25*a = 346416. Let o be -1 + 1 + -2 - 1580. Let d = o + a. Is d composite?
False
Let y(j) = 15*j - 1. Suppose 37*q = 33*q + 40. Is y(q) prime?
True
Suppose -58*i = -99*i + 4043461. Is i a composite number?
False
Let x(t) = -40*t - 1. Let g(i) = -11*i + 14. Let u be g(4). Let k be (1/2)/(5/u). Is x(k) prime?
False
Let x(k) = k**2 + 5*k - 94. Let s be x(8). Suppose s*g - 12*g = -c + 6606, -5*c + 32986 = g. Is c prime?
False
Suppose 18*m - 51 = 57. Suppose -